40 (base 6) to base 11.
20a529
Convert -2303010222 (base 4) to base 9.
-1337130
What is 5de031 (base 15) in base 7?
53161141
4400123332 (base 5) to base 4
203302000002
What is 1517023 (base 9) in base 3?
1120121000210
1302433 (base 7) to base 9
276711
Convert -1a4188 (base 11) to base 14.
-820d4
579e9 (base 15) to base 2
1000100000111010010
Convert c547b (base 15) to base 14.
123cab
What is -556403 (base 7) in base 11?
-67941
Convert 57c32 (base 16) to base 9.
607085
What is 1101204 (base 7) in base 9?
225040
What is 4599223 (base 10) in base 16?
462db7
689ee9 (base 15) to base 12
180a756
What is -571633 (base 8) in base 3?
-100211100021
Convert -1342101 (base 6) to base 8.
-223565
-24817571 (base 9) to base 8
-56345543
What is 2241251 (base 6) in base 15?
23d47
Convert -11101520 (base 6) to base 2.
-1010001101110111000
-96446 (base 16) to base 12
-258232
What is -530322 (base 7) in base 15?
-1c136
What is -527631 (base 12) in base 10?
-1298629
Convert a46153 (base 12) to base 15.
35eec9
Convert -21210202100100 (base 3) to base 16.
-3f4c26
-104220421 (base 5) to base 11
-295181
Convert 16c5ac4 (base 13) to base 15.
9b58de
What is 36919 (base 15) in base 4?
222201132
What is -3516a9 (base 16) in base 7?
-41400316
Convert 1095085 (base 10) to base 12.
449891
Convert 16987 (base 10) to base 3.
212022011
-503325 (base 6) to base 2
-1001101011100101
Convert -561507 (base 8) to base 9.
-317543
2322514 (base 12) to base 16
673660
Convert 13b3ba (base 14) to base 15.
d7a08
What is dc5a8 (base 14) in base 15?
a80e4
What is 2062025 (base 7) in base 15?
4e2de
Convert 2bb9b1 (base 12) to base 10.
746197
What is -40234222 (base 5) in base 10?
-321187
1134510 (base 9) to base 6
21052143
What is 320303 (base 6) in base 3?
1022201010
-96d40 (base 15) to base 3
-220022212120
What is 2176125 (base 9) in base 12?
486528
-223440030 (base 5) to base 11
-622947
2716053 (base 8) to base 2
10111001110000101011
45507 (base 10) to base 13
17937
Convert -3291b5 (base 13) to base 3.
-2020111212111
What is -14133151 (base 7) in base 2?
-101000010000101011111
What is 32102101 (base 4) in base 14?
17477
Convert 1003043153 (base 6) to base 4.
212333333031
Convert 270001 (base 8) to base 2.
10111000000000001
What is 167b70a (base 13) in base 10?
7279854
233ad7 (base 15) to base 12
6920aa
What is 222210010022 (base 3) in base 11?
330073
-14511431 (base 6) to base 3
-221202122001
Convert -5824b (base 13) to base 14.
-42846
Convert 42225533 (base 6) to base 13.
341ca3
317729 (base 10) to base 11
1a7795
Convert b2dba (base 14) to base 16.
692b8
What is 2226b (base 13) in base 14?
18807
Convert 1010111000001110100 (base 2) to base 7.
3013160
What is 9a97f (base 16) in base 5?
130230330
What is 1010010110110110 (base 2) in base 8?
122666
2907040 (base 10) to base 3
12110200201011
Convert -40411 (base 7) to base 14.
-3808
What is -101002201 (base 4) in base 5?
-4213133
What is -98b53 (base 15) in base 11?
-301581
1011221221120 (base 3) to base 7
5230035
What is 2df63 (base 16) in base 7?
1412601
Convert -230200212 (base 4) to base 11.
-114a77
Convert 53412120 (base 6) to base 3.
2221220002210
What is 20101121112121 (base 3) in base 11?
1a10688
What is -10001100210200 (base 3) in base 2?
-110001011110010100000
Convert -1200360 (base 8) to base 2.
-1010000000011110000
1121101010111 (base 3) to base 16
d06f9
Convert 11936a (base 11) to base 15.
3ab0a
3210230011 (base 4) to base 11
58a844
Convert -1138881 (base 11) to base 4.
-13211122100
What is 27e682 (base 15) in base 7?
22223024
Convert 12680300 (base 9) to base 2.
10111110110100101001100
What is -14021625 (base 7) in base 12?
-5280b9
Convert -112210110112 (base 4) to base 10.
-5915926
What is -1000022200100 (base 3) in base 10?
-537768
Convert -45407 (base 13) to base 5.
-13012122
Convert 146a236 (base 11) to base 6.
125541414
10034112123 (base 5) to base 13
2115c41
Convert 102020011212 (base 3) to base 2.
110101111101011010
Convert -7280571 (base 10) to base 4.
-123301132323
Convert 2101201123 (base 4) to base 9.
1107567
-3240 (base 12) to base 4
-1112100
-11115551 (base 6) to base 12
-142bb7
Convert -62a0866 (base 11) to base 14.
-168cb1c
-1d06c (base 15) to base 2
-10111000110001010
What is 36931 (base 10) in base 11?
25824
Convert -7b0a7 (base 12) to base 8.
-500677
-6535570 (base 9) to base 2
-1101011000010111100111
Convert 31610404 (base 7) to base 14.
500d3b
Convert 1001110001010100111000 (base 2) to base 10.
2561336
What is 493aa75 (base 11) in base 6?
504112032
1303002210 (base 4) to base 7
4001526
Convert -5159bd (base 16) to base 3.
-101000212021212
10010000110111010101 (base 2) to base 11
375893
-2a4030 (base 12) to base 11
-446a08
Convert 11020222102221 (base 3) to base 7.
25144033
What is -233130130 (base 4) in base 15?
-3c8a7
Convert -202545002 (base 7) to base 8.
-55174440
Convert -14200a (base 12) to base 14.
-8a25c
Convert 11404011 (base 5) to base 9.
172387
Convert 131ac2 (base 13) to base 5.
104223041
What is -12444501 (base 7) in base 14?
-218671
3011313211 (base 4) to base 15
110214
-252500 (base 7) to base 14
-12d70
What is -20221002100021 (base 3) in base 9?
-6832307
Convert -9a322 (base 15) to base 14.
-ca85c
4a2b37 (base 14) to base 5
1122340044
310132023 (base 4) to base 10
214923
What is -110021121010102 (base 3) in base 15?
-88dd1e
-19a646 (base 11) to base 3
-120120222220
Convert 12210034442 (base 5) to base 7.
234351304
What is -10c7a83 (base 13) in base 5?
-2311433332
What is -18437 (base 10) in base 2?
-100100000000101
Convert 41423213 (base 6) to base 3.
2021000020000
-1111010000011101010110 (base 2) to base 10
-3999574
What is -3031402201 (base 5) in base 8?
-27265300
-54444 (base 6) to base 13
-3562
Convert 10000110022202 (base 3) to base 16.
1876eb
-4a709 (base 13) to base 15
-2aaa6
Convert -84a596 (base 13) to base 8.
-13665306
Convert -17577 (base 15) to base 11.
-51795
-461362 (base 10) to base 4
-1300220302
What is -4c1a49 (base 13) in base 15?
-262b87
Convert -1000001110011010011000 (base 2) to base 11.
-1242a78
What is -555513 (base 10) in base 14?
-106637
-922be5 (base 15) to base 5
-3234220230
Convert -2201112 (base 5) to base 9.
-56581
Convert -1000011001100110111000 (base 2) to base 8.
-10314670
Convert 11001101202 (base 4) to base 11.
819758
What is 175c9 (base 14) in base 15?
1263b
Convert 610971 (base 10) to base 2.
10010101001010011011
What is -103028 (base 10) in base 8?
-311164
Convert -12c61 (base 15) to base 10.
-60166
What is 1001102000 (base 3) in base 6?
235513
What is -175b71 (base 12) in base 11?
-25682a
What is -11e72e (base 15) in base 4?
-3101223311
-1100110011010001010 (base 2) to base 8
-1463212
What is -123224533 (base 7) in base 16?
-7717db
251183 (base 9) to base 13
54120
Convert -410943 (base 10) to base 12.
-179993
Convert 21102000 (base 6) to base 15.
c2226
100010101001101110 (base 2) to base 16
22a6e
-6611334 (base 7) to base 16
-c5ab4
Convert -1065bab (base 12) to base 4.
-23321321303
What is -17159ca (base 15) in base 2?
-111111111111101100011101
What is 1008328 (base 9) in base 2?
10000011001111000110
What is -13dc132 (base 15) in base 10?
-14367647
Convert 111000011000010000000000 (base 2) to base 5.
12240420032
What is 15007304 (base 8) in base 6?
201042404
Convert 100000001110111010 (base 2) to base 10.
132026
23415303 (base 6) to base 9
1337063
Convert 5b913 (base 12) to base 14.
33291
What is 560350 (base 10) in base 8?
2106336
4033414 (base 5) to base 6
1220135
Convert -119795 (base 12) to base 2.
-1000101111000100001
What is -66571464 (base 8) in base 3?
-1000000000021110
What is 431b6 (base 12) in base 16?
1595a
40405 (base 8) to base 3
211211111
Convert -235982 (base 11) to base 6.
-12002455
Convert 1781204 (base 11) to base 16.
2e0b97
Convert -ab246 (base 12) to base 10.
-226710
Convert -b7584 (base 12) to base 6.
-5055444
What is -12713b (base 13) in base 4?
-1230121231
Convert 1122120202 (base 3) to base 2.
111111011110101
122100000201 (base 3) to base 11
213384
What is -36681 (base 10) in base 16?
-8f49
What is 32033233 (base 4) in base 10?
58351
253047 (base 9) to base 16
2562d
Convert 60473250 (base 8) to base 7.
213216366
Convert -2003210113 (base 4) to base 8.
-2034427
What is 322330 (base 5) in base 10?
10965
Convert -20c6b3 (base 14) 